{"id":1681,"date":"2024-08-12T13:57:09","date_gmt":"2024-08-12T11:57:09","guid":{"rendered":"https:\/\/www.granfoda.it\/danke-fuer-die-anfrage\/"},"modified":"2024-08-12T14:04:29","modified_gmt":"2024-08-12T12:04:29","slug":"danke-fuer-die-anfrage","status":"publish","type":"page","link":"https:\/\/www.granfoda.it\/de\/danke-fuer-die-anfrage\/","title":{"rendered":"Danke f\u00fcr die Anfrage"},"content":{"rendered":"<div class=\"wpb-content-wrapper\"><p>[vc_row css=&#8221;.vc_custom_1723463733776{padding-top: 4em !important;padding-bottom: 4em !important;}&#8221;][vc_column width=&#8221;5\/6&#8243; el_class=&#8221;bg-white p-5&#8243; offset=&#8221;vc_col-xs-offset-1 vc_col-xs-10&#8243;][vc_column_text css=&#8221;&#8221;]Lieber Gast,<\/p>\n<p>vielen Dank, dass Sie uns kontaktiert haben und f\u00fcr Ihr Interesse an unserem Hotel.<\/p>\n<p>Eingebettet zwischen den majest\u00e4tischen Bergen, direkt unterhalb des Monte Passo Furcia, erwartet Sie unser Gran Hotel Fod\u00e0! Wir werden Ihre Anfrage so schnell wie m\u00f6glich mit allen notwendigen Informationen beantworten. Wir freuen uns darauf, Sie willkommen zu hei\u00dfen und Ihren Aufenthalt besonders zu gestalten.<\/p>\n<p>Mit herzlichen Gr\u00fc\u00dfen aus den Dolomiten![\/vc_column_text][\/vc_column][\/vc_row]<\/p>\n<\/div>","protected":false},"excerpt":{"rendered":"<p>[vc_row css=&#8221;.vc_custom_1723463733776{padding-top: 4em !important;padding-bottom: 4em !important;}&#8221;][vc_column width=&#8221;5\/6&#8243; el_class=&#8221;bg-white p-5&#8243; offset=&#8221;vc_col-xs-offset-1 vc_col-xs-10&#8243;][vc_column_text css=&#8221;&#8221;]Lieber Gast, vielen Dank, dass Sie uns kontaktiert haben und f\u00fcr Ihr Interesse an unserem Hotel. Eingebettet zwischen den majest\u00e4tischen Bergen, direkt unterhalb des Monte Passo Furcia, erwartet Sie unser Gran Hotel Fod\u00e0! Wir werden Ihre Anfrage so schnell wie m\u00f6glich mit allen notwendigen [&hellip;]<\/p>\n","protected":false},"author":1,"featured_media":0,"parent":0,"menu_order":0,"comment_status":"closed","ping_status":"closed","template":"","meta":{"_acf_changed":false,"rs_blank_template":"","rs_page_bg_color":"","slide_template_v7":"","footnotes":""},"class_list":["post-1681","page","type-page","status-publish","hentry"],"acf":[],"yoast_head":"<!-- This site is optimized with the Yoast SEO plugin v27.5 - https:\/\/yoast.com\/product\/yoast-seo-wordpress\/ -->\n<title>Danke f\u00fcr die Anfrage - Bio Alpine Hotel Gran Fod\u00e0<\/title>\n<meta name=\"description\" content=\"Danke f\u00fcr die Anfrage su Bio Alpine Hotel Gran Fod\u00e0 - La nostra casa ski in ski out a Plan de Corones\" \/>\n<meta name=\"robots\" content=\"index, follow, max-snippet:-1, max-image-preview:large, max-video-preview:-1\" \/>\n<link rel=\"canonical\" href=\"https:\/\/www.granfoda.it\/de\/danke-fuer-die-anfrage\/\" \/>\n<meta property=\"og:locale\" content=\"de_DE\" \/>\n<meta property=\"og:type\" content=\"article\" \/>\n<meta property=\"og:title\" content=\"Danke f\u00fcr die Anfrage - Bio Alpine Hotel Gran Fod\u00e0\" \/>\n<meta property=\"og:description\" content=\"Danke f\u00fcr die Anfrage su Bio Alpine Hotel Gran Fod\u00e0 - La nostra casa ski in ski out a Plan de Corones\" \/>\n<meta property=\"og:url\" content=\"https:\/\/www.granfoda.it\/de\/danke-fuer-die-anfrage\/\" \/>\n<meta property=\"og:site_name\" content=\"Bio Alpine Hotel Gran Fod\u00e0\" \/>\n<meta property=\"article:publisher\" content=\"https:\/\/www.facebook.com\/HotelGranFoda\" \/>\n<meta property=\"article:modified_time\" content=\"2024-08-12T12:04:29+00:00\" \/>\n<meta property=\"og:image\" content=\"https:\/\/www.granfoda.it\/wp-content\/uploads\/2024\/02\/alpine-hotel-gran-foda-cover.jpg\" \/>\n\t<meta property=\"og:image:width\" content=\"1200\" \/>\n\t<meta property=\"og:image:height\" content=\"675\" \/>\n\t<meta property=\"og:image:type\" content=\"image\/jpeg\" \/>\n<meta name=\"twitter:card\" content=\"summary_large_image\" \/>\n<meta name=\"twitter:label1\" content=\"Gesch\u00e4tzte Lesezeit\" \/>\n\t<meta name=\"twitter:data1\" content=\"1\u00a0Minute\" \/>\n<!-- \/ Yoast SEO plugin. -->","yoast_head_json":{"title":"Danke f\u00fcr die Anfrage - Bio Alpine Hotel Gran Fod\u00e0","description":"Danke f\u00fcr die Anfrage su Bio Alpine Hotel Gran Fod\u00e0 - La nostra casa ski in ski out a Plan de Corones","robots":{"index":"index","follow":"follow","max-snippet":"max-snippet:-1","max-image-preview":"max-image-preview:large","max-video-preview":"max-video-preview:-1"},"canonical":"https:\/\/www.granfoda.it\/de\/danke-fuer-die-anfrage\/","og_locale":"de_DE","og_type":"article","og_title":"Danke f\u00fcr die Anfrage - Bio Alpine Hotel Gran Fod\u00e0","og_description":"Danke f\u00fcr die Anfrage su Bio Alpine Hotel Gran Fod\u00e0 - La nostra casa ski in ski out a Plan de Corones","og_url":"https:\/\/www.granfoda.it\/de\/danke-fuer-die-anfrage\/","og_site_name":"Bio Alpine Hotel Gran Fod\u00e0","article_publisher":"https:\/\/www.facebook.com\/HotelGranFoda","article_modified_time":"2024-08-12T12:04:29+00:00","og_image":[{"width":1200,"height":675,"url":"https:\/\/www.granfoda.it\/wp-content\/uploads\/2024\/02\/alpine-hotel-gran-foda-cover.jpg","type":"image\/jpeg"}],"twitter_card":"summary_large_image","twitter_misc":{"Gesch\u00e4tzte Lesezeit":"1\u00a0Minute"},"schema":{"@context":"https:\/\/schema.org","@graph":[{"@type":"WebPage","@id":"https:\/\/www.granfoda.it\/de\/danke-fuer-die-anfrage\/","url":"https:\/\/www.granfoda.it\/de\/danke-fuer-die-anfrage\/","name":"Danke f\u00fcr die Anfrage - Bio Alpine Hotel Gran Fod\u00e0","isPartOf":{"@id":"https:\/\/www.granfoda.it\/de\/#website"},"datePublished":"2024-08-12T11:57:09+00:00","dateModified":"2024-08-12T12:04:29+00:00","description":"Danke f\u00fcr die Anfrage su Bio Alpine Hotel Gran Fod\u00e0 - La nostra casa ski in ski out a Plan de Corones","breadcrumb":{"@id":"https:\/\/www.granfoda.it\/de\/danke-fuer-die-anfrage\/#breadcrumb"},"inLanguage":"de","potentialAction":[{"@type":"ReadAction","target":["https:\/\/www.granfoda.it\/de\/danke-fuer-die-anfrage\/"]}]},{"@type":"BreadcrumbList","@id":"https:\/\/www.granfoda.it\/de\/danke-fuer-die-anfrage\/#breadcrumb","itemListElement":[{"@type":"ListItem","position":1,"name":"Home","item":"https:\/\/www.granfoda.it\/de\/"},{"@type":"ListItem","position":2,"name":"Danke f\u00fcr die Anfrage"}]},{"@type":"WebSite","@id":"https:\/\/www.granfoda.it\/de\/#website","url":"https:\/\/www.granfoda.it\/de\/","name":"Alpine Hotel Gran Fod\u00e0","description":"La nostra casa ski in ski out a Plan de Corones","publisher":{"@id":"https:\/\/www.granfoda.it\/de\/#organization"},"alternateName":"Alpine Hotel Gran Fod\u00e0","potentialAction":[{"@type":"SearchAction","target":{"@type":"EntryPoint","urlTemplate":"https:\/\/www.granfoda.it\/de\/?s={search_term_string}"},"query-input":{"@type":"PropertyValueSpecification","valueRequired":true,"valueName":"search_term_string"}}],"inLanguage":"de"},{"@type":"Organization","@id":"https:\/\/www.granfoda.it\/de\/#organization","name":"Alpine Hotel Gran Fod\u00e0","url":"https:\/\/www.granfoda.it\/de\/","logo":{"@type":"ImageObject","inLanguage":"de","@id":"https:\/\/www.granfoda.it\/de\/#\/schema\/logo\/image\/","url":"https:\/\/www.granfoda.it\/wp-content\/uploads\/2024\/02\/alpine-hotel-gran-foda-logo-square.jpg","contentUrl":"https:\/\/www.granfoda.it\/wp-content\/uploads\/2024\/02\/alpine-hotel-gran-foda-logo-square.jpg","width":550,"height":550,"caption":"Alpine Hotel Gran Fod\u00e0"},"image":{"@id":"https:\/\/www.granfoda.it\/de\/#\/schema\/logo\/image\/"},"sameAs":["https:\/\/www.facebook.com\/HotelGranFoda","https:\/\/www.instagram.com\/alpinehotelgranfoda\/","https:\/\/www.youtube.com\/@GranFodaIta"]}]}},"_links":{"self":[{"href":"https:\/\/www.granfoda.it\/de\/wp-json\/wp\/v2\/pages\/1681","targetHints":{"allow":["GET"]}}],"collection":[{"href":"https:\/\/www.granfoda.it\/de\/wp-json\/wp\/v2\/pages"}],"about":[{"href":"https:\/\/www.granfoda.it\/de\/wp-json\/wp\/v2\/types\/page"}],"author":[{"embeddable":true,"href":"https:\/\/www.granfoda.it\/de\/wp-json\/wp\/v2\/users\/1"}],"replies":[{"embeddable":true,"href":"https:\/\/www.granfoda.it\/de\/wp-json\/wp\/v2\/comments?post=1681"}],"version-history":[{"count":5,"href":"https:\/\/www.granfoda.it\/de\/wp-json\/wp\/v2\/pages\/1681\/revisions"}],"predecessor-version":[{"id":1689,"href":"https:\/\/www.granfoda.it\/de\/wp-json\/wp\/v2\/pages\/1681\/revisions\/1689"}],"wp:attachment":[{"href":"https:\/\/www.granfoda.it\/de\/wp-json\/wp\/v2\/media?parent=1681"}],"curies":[{"name":"wp","href":"https:\/\/api.w.org\/{rel}","templated":true}]}}

Danke für die Anfrage

<div class="wpb-content-wrapper"><p>[vc_row css=&#8221;.vc_custom_1723463733776{padding-top: 4em !important;padding-bottom: 4em !important;}&#8221;][vc_column width=&#8221;5/6&#8243; el_class=&#8221;bg-white p-5&#8243; offset=&#8221;vc_col-xs-offset-1 vc_col-xs-10&#8243;][vc_column_text css=&#8221;&#8221;]Lieber Gast,</p>
<p>vielen Dank, dass Sie uns kontaktiert haben und für Ihr Interesse an unserem Hotel.</p>
<p>Eingebettet zwischen den majestätischen Bergen, direkt unterhalb des Monte Passo Furcia, erwartet Sie unser Gran Hotel Fodà! Wir werden Ihre Anfrage so schnell wie möglich mit allen notwendigen Informationen beantworten. Wir freuen uns darauf, Sie willkommen zu heißen und Ihren Aufenthalt besonders zu gestalten.</p>
<p>Mit herzlichen Grüßen aus den Dolomiten![/vc_column_text][/vc_column][/vc_row]</p>
</div>

<p>[vc_row css=&#8221;.vc_custom_1723463733776{padding-top: 4em !important;padding-bottom: 4em !important;}&#8221;][vc_column width=&#8221;5/6&#8243; el_class=&#8221;bg-white p-5&#8243; offset=&#8221;vc_col-xs-offset-1 vc_col-xs-10&#8243;][vc_column_text css=&#8221;&#8221;]Lieber Gast, vielen Dank, dass Sie uns kontaktiert haben und für Ihr Interesse an unserem Hotel. Eingebettet zwischen den majestätischen Bergen, direkt unterhalb des Monte Passo Furcia, erwartet Sie unser Gran Hotel Fodà! Wir werden Ihre Anfrage so schnell wie möglich mit allen notwendigen [&hellip;]</p>

<!-- This site is optimized with the Yoast SEO plugin v27.5 - https://yoast.com/product/yoast-seo-wordpress/ -->
<title>Danke für die Anfrage - Bio Alpine Hotel Gran Fodà</title>
<meta name="description" content="Danke für die Anfrage su Bio Alpine Hotel Gran Fodà - La nostra casa ski in ski out a Plan de Corones" />
<meta name="robots" content="index, follow, max-snippet:-1, max-image-preview:large, max-video-preview:-1" />
<link rel="canonical" href="https://www.granfoda.it/de/danke-fuer-die-anfrage/" />
<meta property="og:locale" content="de_DE" />
<meta property="og:type" content="article" />
<meta property="og:title" content="Danke für die Anfrage - Bio Alpine Hotel Gran Fodà" />
<meta property="og:description" content="Danke für die Anfrage su Bio Alpine Hotel Gran Fodà - La nostra casa ski in ski out a Plan de Corones" />
<meta property="og:url" content="https://www.granfoda.it/de/danke-fuer-die-anfrage/" />
<meta property="og:site_name" content="Bio Alpine Hotel Gran Fodà" />
<meta property="article:publisher" content="https://www.facebook.com/HotelGranFoda" />
<meta property="article:modified_time" content="2024-08-12T12:04:29+00:00" />
<meta property="og:image" content="https://www.granfoda.it/wp-content/uploads/2024/02/alpine-hotel-gran-foda-cover.jpg" />
	<meta property="og:image:width" content="1200" />
	<meta property="og:image:height" content="675" />
	<meta property="og:image:type" content="image/jpeg" />
<meta name="twitter:card" content="summary_large_image" />
<meta name="twitter:label1" content="Geschätzte Lesezeit" />
	<meta name="twitter:data1" content="1 Minute" />
<!-- / Yoast SEO plugin. -->

Danke für die Anfrage - Bio Alpine Hotel Gran Fodà

Danke für die Anfrage su Bio Alpine Hotel Gran Fodà - La nostra casa ski in ski out a Plan de Corones

Bio Alpine Hotel Gran Fodà

Alpine Hotel Gran Fodà
